 derivative of 1/3*v**3 + 0*v - 16 + 1/2*v**2. Give p(1).
2
Let b(a) = a**3 + 2*a**2 + 7*a + 4. Let p(j) = 2*j + 1. Let s(c) = -b(c) + 4*p(c). Calculate s(-2).
-2
Let j be (20/(-25))/((-5)/50). Let f(k) be the third derivative of k**5/60 - k**4/6 - 2*k**3/3 - k**2. Calculate f(j).
28
Let f(k) = -7*k - k**3 + 6*k**2 - 20 + 7*k**2 + 22*k. Let j be f(14). Let w(x) = -x**2 - 6*x - 3. Let p be w(j). Let q(i) = -i**3 - 5*i**2 - 4*i. What is q(p)?
-6
Let s(m) = -6*m**2 + 11*m + 3. Let j(h) = 5*h**2 - 6*h. Let a(z) = z + 1. Let v(o) = 4*a(o) - j(o). Let f(x) = -4*s(x) + 5*v(x). Calculate f(6).
8
Let i = 596 + -593. Let a(q) = q**3 - q**2 - 2*q - 2. Determine a(i).
10
Let g(h) = -32*h - 2. Let p(j) = j**2 - 6*j - 90. Let s be p(13). What is g(s)?
-34
Suppose -2*i + 14 = 3*b, -2 = -0*b - b. Suppose -i*n + 3 = -17. Let g(d) = d**3 - 4*d**2 - 6*d + 3. Calculate g(n).
-2
Let n(j) = -j**2 - 6*j. Suppose 38 + 18 = -8*w. What is n(w)?
-7
Suppose 4*m = -5*t + 54 - 23, 19 = m + 5*t. Let d(n) be the second derivative of 1/12*n**4 + n**2 + 0 - 1/6*n**3 - m*n. Determine d(0).
2
Let o(h) = -h**2 + 4*h - 1. Let u be o(4). Let c be -4*(u - (3 + -5)). Let m be (c - -1)*2/3. Let y(b) = -2*b - 2. Give y(m).
2
Let g(m) = m**3 + 10*m**2 - 12*m - 11. Let x(b) = 1 + 82*b**3 - b + 8*b**2 - 6*b - 81*b**3 + 6. Let i be x(-9). Give g(i).
0
Suppose 42 = -15*b - 18. Let a(u) = -5 - u - 3*u**2 + 3*u**2 - 4*u - 4*u**2 - u**3. Calculate a(b).
15
Let o(z) = 2*z + 19. Suppose 7*j + 220 = 3*j. Let i be 108/(-10) + 11/j. Let q be o(i). Let p(v) = v**2 + 2*v + 1. Calculate p(q).
4
Let a(f) = -2*f**3 + 3*f**2 + f - 2. Suppose 0*r + 4*r - 2*h = 16, -4*r + 3*h = -20. Calculate a(r).
-4
Suppose -5*o + 12 = 2*p, 4*p - p - 18 = 2*o. Let q(a) be the first derivative of -a**4/4 + 7*a**3/3 - 2*a**2 - 6*a - 804. Give q(p).
6
Let u(l) = l**3 + l**2 - 2*l + 3. Let j = -97 + 99. Calculate u(j).
11
Let n(s) = -s**3 - 3*s**2 + 3*s - 2. Let z be n(-4). Suppose -z + 0 = -t. Let f(i) = 1 + 3*i - 8*i**2 + 7*i**t - 4*i. What is f(-1)?
1
Let y(l) be the first derivative of l + 1/3*l**3 - 8 + 0*l**2 + 1/4*l**4. Give y(0).
1
Let f(w) = -w + 2. Let x be f(0). Let q(v) = 4*v**2 + 3 - v**x - v**3 - v**2. Let o be q(3). Let j(y) = y**3 + 7*y**2 + 5*y - 4. What is j(o)?
2
Let j(x) = -2*x**2 - 19*x - 3. Let z be j(-9). Let h(k) = k**2 - 3*k - 8. Determine h(z).
10
Let v(q) = -3*q**3 + 68*q**2 - 46*q + 46. Let w be v(22). Let b(j) = -j**3 + j**2 + 3*j - 2. Give b(w).
0
Let f(l) = l + 3*l - 3*l - 4. Let u = 203 + -192. What is f(u)?
7
Let s(b) be the second derivative of b**4/12 + 2*b**3/3 - 2*b**2 + 468*b + 2. What is s(0)?
-4
Let u(a) = -a**3 + 4*a**2 + 7*a + 24. Let j be u(6). Let t(i) = -2*i - 16. Determine t(j).
-4
Let i(a) = a**2 + 312 + 5*a - 158 - 159. Let t(u) = -6*u**2 + u + 1. Let r be t(-1). Calculate i(r).
1
Let l = 16 - 9. Suppose -m - 2 = -l. Let b(x) = x**3 - 6*x**2 + 5*x + 3. Determine b(m).
3
Let t = -48 + 44. Let q(g) = -2*g**2 - 7*g - 9. Let d(c) = -6*c**2 - 21*c - 26. Let u(b) = t*d(b) + 11*q(b). Let x be -1*4 - 0/(-1). What is u(x)?
9
Suppose -4*u + 12 = -2*f + 4, -4*u - 3*f - 2 = 0. Let b be -4 + -3 + 1 + u. Let c(n) = -n**3 - 6*n**2 - 4*n + 2. Calculate c(b).
-3
Let f(y) = 14*y - 174. Let j be f(12). Let p(k) = -3*k**2 - 6*k - 3. Let w(n) = -4*n**2 - 5*n - 4. Let z(s) = -3*p(s) + 2*w(s). Give z(j).
-11
Let j(a) = 4*a - 4. Let w be j(2). Let l(s) = 4 - 6 - w*s + 5. Calculate l(4).
-13
Suppose -22*r = 305 - 85. Let q(u) = u + 12. Give q(r).
2
Let f(k) = k**2 - 6*k - 3. Let h(q) = -5*q - 50. Let n be h(-11). Give f(n).
-8
Let h(r) = -2*r**2 - 4*r - 4. Let t be h(-3). Let m = t + 13. Let y(j) = -j**2 - 2*j + 4. Calculate y(m).
-11
Let w = -443 + 444. Let u(j) = 15*j**3 + 1. Calculate u(w).
16
Let t(r) = 3*r - 15. Let j be 13/3 + 4/(-12). Let d(h) = h + 1 - 2*h + j. Let b(n) = 8*d(n) + 3*t(n). Give b(5).
0
Let f(s) be the first derivative of s**2/2 + 8*s - 2426. Suppose 2*j + 3*q - 40 = 6*j, -5*j = -q + 50. Give f(j).
-2
Let y(a) = -a**3 - 5*a**2 - 5*a + 2. Suppose 0*p - p - 9 = -g, 0 = 3*p - 5*g + 37. Give y(p).
6
Let u(i) = -i + 1. Let b(t) = t**2 + 7*t + 9. Let j be b(-6). Suppose -10 = -5*k, -j*o + 3*k - 30 = -6*o. Let x = o + -11. Determine u(x).
4
Let m(h) = -h**2 - h - 1. Let a(b) = -b**3 - 8*b**2 - 6*b + 10. Let f be a(-7). Suppose 0*v = k + f*v + 1, -5*k - 5 = -v. What is m(k)?
-1
Let t(f) be the second derivative of -3*f**3/2 - f**2/2 - 17*f. Let l(r) = 7*r + 2. Let g(h) = -5*l(h) - 4*t(h). Calculate g(0).
-6
Suppose -17*a = 26 + 25. Let x(q) = -1 + 0 - 2 - 5*q. Give x(a).
12
Let l(x) = x**2 - 6*x - 8. Suppose -25 = -2*y + 17. Suppose 2*h + 11 = y. Suppose 5*v - 15 + 1 = 4*r, h*v + 3*r = 42. What is l(v)?
-8
Let u(f) = -5*f**2 - 3*f - 5. Let w(b) be the second derivative of 3*b**4/4 + b**3 + 9*b**2/2 + 15*b. Let p(n) = -7*u(n) - 4*w(n). Calculate p(-1).
1
Let t(o) be the first derivative of o**2/2 - 6*o - 423. Calculate t(3).
-3
Let k be 54/(-12)*(-1 - 7/(-3)). Let v(c) = 2*c**2 + 11*c - 4. What is v(k)?
2
Let v(z) = 5*z**2 - 2*z - 2. Let j(u) = 4*u**2 - u - 2. Let p(m) = -7*j(m) + 6*v(m). Calculate p(5).
27
Let d(n) = n**3 + n**2 - n + 4. Let y(o) = 10*o + 2*o - 9*o. Let f be y(-1). Let u be (0/3)/(f + 0). Give d(u).
4
Let k(r) = 4 + 2 - 2*r + 0*r - r + 5*r. Let m be (-2)/(-11) + (-57)/11. Determine k(m).
-4
Let a(h) = 7*h**3 - h**2 - 8*h - 6. Let f(n) = n**3 - n - 1. Let y = 19 + -20. Let c(j) = y*a(j) + 6*f(j). Determine c(2).
0
Let c(v) be the third derivative of v**6/20 - v**4/12 - v**3/6 - 6*v**2. Let g = -6 + 6. Suppose g = 2*x - 4*b + 18, 6*b = 4*b + 8. Determine c(x).
-5
Let p = 496 + -489. Let o(g) = -g**2 + 5*g + 15. Calculate o(p).
1
Let o(v) = v**2 + 8*v - 2. Let s be -40*(-17)/(-204)*12/10. Calculate o(s).
-18
Let i(z) be the first derivative of -z**2 + 12*z - 119. Give i(5).
2
Let c be 2/10 + (-38)/(-10). Let l(p) = -3*p**2 + 2 - p + c*p**2 - 2*p. Determine l(4).
6
Let m(t) = 5*t + 7. Let h(v) = -v**3 + 6*v**2 - 2*v + 11. Let z be h(6). Let c(f) = -1. Let x(l) = z*m(l) - 4*c(l). Let p = -2 - -5. Determine x(p).
-18
Let k(y) = 5*y**2 + 4*y - 1. Let z(i) = -6*i**2 - 4*i. Let t(g) = 5*k(g) + 4*z(g). Let v(x) be the first derivative of t(x). Determine v(4).
12
Suppose -18 = -3*o + 2*o + 4*m, o + 17 = -3*m. Let f(p) = -p**3 + p**2 - p - 1. Let k(j) = -3*j**3. Let v(l) = 2*f(l) - k(l). Calculate v(o).
2
Let l(f) = f**3 - 8*f**2 - 2*f + 12. Let t be 8*(185/20 + 0). Let x = t - 66. What is l(x)?
-4
Let n be 74/26 - 38/(-247). Let v(j) = 109 - 107 + n*j**2 - j - 2*j**2. Calculate v(3).
8
Let c = 27 + -16. Suppose -c = -4*w + 1. Suppose 3*a - 4*y + y - 24 = 0, -5*y = -w*a + 28. Let u(z) = -2*z + 5. Determine u(a).
-7
Let u(h) = -10 + 46*h**2 - 183*h + 199*h - 45*h**2. What is u(-16)?
-10
Suppose 0 = -4*v + 6*v + 2. Let s(x) = 24*x + 3. Let h(c) = 39*c + 5. Let t(l) = 3*h(l) - 5*s(l). Determine t(v).
3
Let f(o) be the second derivative of -o**8/6720 + o**6/720 + o**4/2 + 3*o. Let y(d) be the third derivative of f(d). Give y(2).
-6
Let g(n) = 7*n**2 - 4*n + 19. Let l(p) = p**2 + p + 1. Let a(t) = g(t) - 6*l(t). What is a(9)?
4
Let o(h) be the second derivative of 1/20*h**5 - 16*h + 0 - 1/6*h**4 - 1/6*h**3 - 2*h**2. Determine o(3).
2
Let o(i) = i**2 - 5*i - 7. Let g be o(7). Let t = -3 + g. Let l(w) = -w**3 + 4*w**2 + 2*w + 1. Determine l(t).
9
Suppose -h + f - 7 = 0, 5*h + 11*f - 13*f = -41. Let g(c) = -c - 14. Calculate g(h).
-5
Let v(z) = -5*z**2 + 4*z**2 + 4 + z**2 + 5*z**2 + 4*z + 261*z**3 - 260*z**3. Calculate v(-3).
10
Suppose 4*a - 2*o - 4 = 0, -3*a + 5*a = 3*o + 10. Let p(t) = 121*t + 0 + 19*t**2 - 119*t + 4 - 3. What is p(a)?
18
Let o(j) be the second derivative of -j**2 + 0 + 5/12*j**4 + 1/6*j**3 + 5*j. Suppose 2*p - 4*c = 0, -c = 3*c + 4. What is o(p)?
16
Let n(d) = -d**3 + 5*d**2 - 2*d + 1. Let j(u) = -6*u + 66. Let z be j(11). Suppose 3*i - 1 - 5 = z. Calculate n(i).
9
Let k be ((-114)/(-4))/(15/(-40)). Let i = 67 + k. Let d(z) = z**3 + 10*z**2 + 9*z + 5. Give d(i).
5
Let g(i) = -8*i + i**2 - 10*i - 2*i**2 - 4 + 12*i. Suppose -32 = -4*b - 5*d, 0 = 3*b - 4*d + 6 + 1. Suppose 0*y + 18 = -b*y. What is g(y)?
-4
Let v(g) = -2*g**2 + 2*g + 5. Let a be v(3). Let b(y) = 4*y + 22. Let p be b(a). Let f(t) = t**3 + 5*t**2 - 3*t + 7. Calculate f(p).
-11
Suppose -3*n = -6 - 0. Supp